ommon divisor of 1617 and 14619.
33
Calculate the highest common factor of 12504 and 20.
4
What is the greatest common factor of 11545970 and 1780?
890
What is the greatest common factor of 4369 and 260341?
257
What is the highest common divisor of 2 and 36332?
2
Calculate the greatest common divisor of 75270 and 52.
26
Calculate the greatest common factor of 23875 and 1625.
125
What is the greatest common factor of 187 and 143781?
11
Calculate the highest common divisor of 18716 and 22.
2
What is the highest common divisor of 88 and 1295064?
8
Calculate the highest common factor of 435186 and 108.
54
What is the highest common factor of 359803 and 323?
19
Calculate the highest common divisor of 159900 and 165.
15
Calculate the greatest common divisor of 4447254 and 798.
798
What is the greatest common divisor of 12 and 349518?
6
Calculate the greatest common divisor of 1152470 and 110.
110
What is the highest common factor of 770 and 16116870?
770
Calculate the highest common divisor of 5 and 3785.
5
Calculate the greatest common divisor of 247 and 208975.
13
Calculate the greatest common divisor of 6875 and 420625.
625
What is the greatest common factor of 217259 and 287?
287
Calculate the greatest common factor of 24546 and 12.
6
What is the greatest common divisor of 1122 and 36102?
66
What is the greatest common divisor of 4792 and 44?
4
Calculate the greatest common factor of 72 and 361400.
8
What is the greatest common divisor of 3 and 994866?
3
What is the highest common factor of 45150 and 358491?
903
Calculate the highest common divisor of 7889 and 1372.
343
What is the greatest common factor of 88 and 49588?
44
Calculate the highest common factor of 768 and 20208.
48
What is the greatest common factor of 1520 and 165395?
95
Calculate the greatest common divisor of 1207049 and 447.
149
What is the greatest common factor of 305 and 835?
5
What is the greatest common factor of 655 and 795039?
131
What is the highest common factor of 624 and 975?
39
What is the greatest common divisor of 2400 and 744?
24
What is the highest common factor of 25264 and 1264?
16
Calculate the greatest common factor of 281058 and 80880.
2022
Calculate the highest common divisor of 4675 and 440.
55
What is the greatest common factor of 6752 and 47475?
211
Calculate the greatest common divisor of 2338 and 1134.
14
Calculate the highest common factor of 23172 and 84.
12
What is the greatest common factor of 284 and 6106?
142
Calculate the highest common divisor of 992 and 1295552.
992
Calculate the highest common factor of 447960 and 30.
30
What is the highest common factor of 26 and 4969094?
26
Calculate the greatest common factor of 1605692 and 44.
44
What is the greatest common divisor of 30 and 1850710?
10
What is the highest common divisor of 320102 and 2378?
58
Calculate the highest common divisor of 461880 and 60.
60
What is the greatest common factor of 127617 and 206?
103
What is the greatest common divisor of 90275 and 15525?
575
What is the greatest common divisor of 2924 and 279758?
86
Calculate the greatest common factor of 384 and 43056.
48
Calculate the highest common divisor of 24902 and 2.
2
Calculate the greatest common divisor of 19 and 270769.
19
Calculate the greatest common factor of 174 and 21286.
58
Calculate the greatest common factor of 534 and 600.
6
What is the highest common divisor of 981 and 20165?
109
What is the greatest common factor of 74080 and 60?
20
What is the greatest common divisor of 171330 and 25?
5
What is the highest common factor of 197715 and 175?
35
What is the highest common factor of 4693 and 4940?
247
What is the greatest common factor of 71126 and 318?
106
Calculate the highest common factor of 3972 and 12.
12
What is the greatest common factor of 111736 and 64?
8
Calculate the highest common factor of 78 and 250341.
39
What is the greatest common factor of 10052 and 7?
7
Calculate the greatest common factor of 236474 and 228.
38
Calculate the greatest common factor of 7497 and 190806.
147
What is the greatest common factor of 4347 and 84861?
189
Calculate the greatest common factor of 168184 and 8.
8
Calculate the highest common factor of 1220 and 1769.
61
What is the highest common divisor of 15 and 202500?
15
What is the highest common divisor of 3984 and 944?
16
What is the highest common factor of 755 and 27331?
151
What is the greatest common factor of 63 and 375123?
21
Calculate the greatest common factor of 2346 and 115.
23
Calculate the greatest common divisor of 11760 and 2548.
196
What is the greatest common factor of 2574 and 220?
22
Calculate the highest common divisor of 387890 and 12640.
790
What is the greatest common factor of 1551 and 495?
33
Calculate the greatest common factor of 528 and 227832.
264
Calculate the greatest common divisor of 1720 and 360856.
344
What is the highest common factor of 464814 and 21658?
1666
What is the greatest common factor of 955643 and 114?
19
Calculate the greatest common divisor of 522 and 320769.
261
Calculate the highest common divisor of 221445 and 5.
5
Calculate the greatest common factor of 136718 and 788.
394
What is the highest common factor of 442 and 1360918?
442
Calculate the greatest common factor of 156342 and 426.
426
What is the highest common factor of 44 and 2188?
4
What is the greatest common divisor of 1306 and 22?
2
Calculate the highest common factor of 24 and 161988.
12
Calculate the highest common divisor of 4183 and 9968.
89
What is the highest common factor of 346 and 697363?
173
What is the highest common divisor of 8775 and 500?
25
Calculate the highest common divisor of 4144 and 222.
74
What is the greatest common divisor of 90104 and 119?
7
What is the greatest common factor of 238013 and 38?
19
Calculate the highest common factor of 21086919 and 27.
27
Calculate the greatest common factor of 259 and 45029.
37
What is the highest common factor of 90876 and 24?
12
What is the greatest common divisor of 595 and 27115?
85
Calculate the highest common factor of 35 and 299855.
5
What is the greatest common factor of 3970058 and 898?
898
What is the highest common divisor of 752 and 3713?
47
What is the greatest common factor of 40885 and 13975?
65
Calculate the highest common divisor of 387 and 96191.
43
What is the greatest common divisor of 168 and 27538?
14
Calculate the greatest common factor of 39 and 2617277.
13
What is the highest common factor of 384 and 1504?
32
Calculate the greatest common divisor of 440 and 88.
88
Calculate the highest common divisor of 10 and 67435.
5
What is the highest common divisor of 34044 and 492?
12
Calculate the greatest common factor of 34 and 739738.
34
Calculate the highest common factor of 168 and 624246.
42
What is the highest common divisor of 708202 and 88?
22
Calculate the greatest common divisor of 52 and 3766412.
52
Calculate the highest common factor of 160 and 59350.
10
What is the highest common factor of 5994 and 4699?
37
Calculate the greatest common factor of 60260 and 15458.
262
What is the greatest common factor of 331 and 2788013?
331
What is the greatest common factor of 224800 and 4800?
800
What is the highest common factor of 70656 and 207?
69
Calculate the greatest common factor of 66 and 341022.
66
Calculate the greatest common divisor of 90 and 86310.
90
What is the highest common factor of 18750 and 450?
150
What is the greatest common factor of 617926 and 4072?
1018
Calculate the greatest common divisor of 522 and 18801.
9
What is the greatest common divisor of 127 and 361315?
127
Calculate the highest common factor of 44 and 486739.
11
Calculate the greatest common factor of 22849 and 292.
73
Calculate the greatest common factor of 1470 and 11879.
7
What is the highest common factor of 4878 and 1062?
18
What is the greatest common factor of 172 and 807583?
43
What is the highest common factor of 2196 and 2412?
36
What is the highest common factor of 185 and 1465015?
185
Calculate the highest common factor of 189252 and 27.
9
Calculate the greatest common factor of 80 and 670360.
40
What is the highest common divisor of 25 and 6235?
5
What is the greatest common factor of 5 and 16943?
1
What is the greatest common divisor of 1078573 and 95?
19
What is the highest c